14.
-c357a
What is 15452033 (base 6) in base 4?
2012211111
What is -45c97 (base 16) in base 4?
-1011302113
Convert -2442225 (base 6) to base 2.
-11111110001001001
Convert -24111134 (base 5) to base 11.
-142327
What is ec227 (base 16) in base 13?
27b317
Convert 1011011110101 (base 2) to base 3.
22001200
Convert 16742 (base 9) to base 3.
120211102
55541 (base 11) to base 5
10034020
What is -101248 (base 12) in base 14?
-6761a
Convert -151153336 (base 7) to base 3.
-200212120211011
What is -43804 (base 13) in base 14?
-3275d
Convert -2375a (base 16) to base 2.
-100011011101011010
What is 12301211 (base 6) in base 8?
1407107
101441232 (base 5) to base 8
1467102
-1435032 (base 6) to base 8
-241474
What is 3d0883 (base 15) in base 11?
1727547
11c7b8 (base 15) to base 13
23abb7
What is -732ac1 (base 14) in base 5?
-1443401013
What is -1125453032 (base 6) in base 12?
-4271178
Convert -3033314023 (base 5) to base 4.
-113131233202
What is 14322232 (base 5) in base 11?
a3969
-100010010010100101010 (base 2) to base 12
-4622b6
-2117bd (base 15) to base 13
-431878
200605 (base 7) to base 2
1000010001111001
502531 (base 7) to base 2
10100101111111100
3031042 (base 5) to base 4
23330001
What is 1102243003 (base 5) in base 10?
2384128
What is 44cb8 (base 13) in base 15?
27176
What is 1607514 (base 9) in base 16?
d9978
Convert -732431 (base 8) to base 3.
-110100021212
Convert 222702 (base 8) to base 10.
75202
-11011001001000000110100 (base 2) to base 14
-d32c04
What is -110120122120 (base 3) in base 14?
-66341
Convert -2302013 (base 4) to base 11.
-8623
Convert -12ee40 (base 15) to base 13.
-25b906
Convert -25607854 (base 9) to base 16.
-c00145
What is 7687 (base 9) in base 11?
4293
What is -123231201 (base 4) in base 10?
-113505
Convert -21222021001 (base 3) to base 6.
-3210301
What is -130101341 (base 5) in base 4?
-2121121322
-2371984 (base 12) to base 5
-3224213430
1425130 (base 6) to base 3
11010210000
What is -1533744 (base 11) in base 12?
-a67563
Convert -225423 (base 8) to base 4.
-102230103
-214320030 (base 5) to base 10
-932515
Convert 101021211020 (base 3) to base 13.
71256
What is 23404767 (base 8) in base 15?
6b0574
Convert -42a156 (base 11) to base 15.
-d8838
What is -2619da (base 14) in base 11?
-815947
14016 (base 9) to base 8
22424
1011111100000000010001 (base 2) to base 9
5788607
104341112 (base 5) to base 11
298530
-10101011001101000 (base 2) to base 11
-5a948
Convert 2000212001 (base 3) to base 10.
39988
-1031204323 (base 5) to base 10
-2209963
What is 111001100111110010 (base 2) in base 6?
5020402
27e71e (base 16) to base 14
4c102a
-1290a8 (base 11) to base 6
-4201102
Convert 12328022 (base 9) to base 14.
b33c56
What is 2b452 (base 13) in base 11?
566a5
-31121222301 (base 4) to base 12
-1214ba9
102162 (base 9) to base 4
32303210
161035 (base 9) to base 15
1e5bb
146431 (base 8) to base 9
80018
What is -226a186 (base 11) in base 12?
-13b3597
-19e48 (base 15) to base 16
-148fa
3054630 (base 9) to base 14
306325
-54db5 (base 14) to base 4
-302033003
What is -111220451 (base 6) in base 16?
-1ee44f
What is -2d14c1 (base 14) in base 8?
-6013401
What is -11100001110011110101000 (base 2) in base 3?
-111220220222111
What is 62a2 (base 13) in base 11?
a291
4533513 (base 10) to base 14
860225
39ccd (base 14) to base 6
3015341
What is -1120212011 (base 3) in base 10?
-31243
10010111000001000101 (base 2) to base 14
1215d3
-231158d (base 14) to base 3
-1011110012102000
What is -13285216 (base 9) in base 6?
-352231540
What is -555343 (base 10) in base 2?
-10000111100101001111
What is 664427 (base 10) in base 8?
2421553
What is -208073 (base 16) in base 11?
-1225366
3404014113 (base 5) to base 9
15068188
What is 200020112012 (base 3) in base 9?
606465
Convert -2a467b (base 12) to base 10.
-712895
What is 5152a (base 12) in base 10?
106162
What is fc55e (base 16) in base 7?
11533212
16673570 (base 8) to base 2
1110110111011101111000
-10001010001110110110111 (base 2) to base 13
-c27941
What is -190635 (base 10) in base 11?
-120255
What is -1482332 (base 11) in base 8?
-11531021
What is 1105036 (base 7) in base 14?
378c6
2563016 (base 7) to base 16
51bbd
What is 235339 (base 10) in base 8?
713513
Convert -110000110111110110001 (base 2) to base 15.
-21978c
1110110101001100010 (base 2) to base 14
c9174
Convert 202221120000 (base 3) to base 11.
26183a
-8a65280 (base 11) to base 7
-251650022
Convert -1b7598 (base 16) to base 3.
-10101102112222
Convert 2012100011101 (base 3) to base 13.
31b814
What is -1110110001011001000100 (base 2) in base 7?
-44625401
What is -15646413 (base 9) in base 8?
-35664016
Convert 131013023 (base 4) to base 16.
1d1cb
Convert 50531314 (base 7) to base 16.
403b2e
Convert 11001000010001111101 (base 2) to base 3.
1112200022022
What is -3947a (base 15) in base 4?
-230233201
Convert 133213013202 (base 4) to base 11.
474aa05
Convert -34032522 (base 7) to base 14.
-56abb9
-40845 (base 13) to base 10
-115653
133520245 (base 7) to base 5
4210133340
Convert 7006041 (base 9) to base 11.
21142a8
What is -7040 (base 13) in base 10?
-15431
Convert -1001101000101011111 (base 2) to base 11.
-1a624a
a00107 (base 11) to base 7
16455511
What is -1655ab (base 14) in base 12?
-319283
What is -8381 (base 12) in base 7?
-56563
What is 1000010110010100011111 (base 2) in base 5?
1030013300
Convert -3651837 (base 12) to base 2.
-101000010001100001101011
Convert -4527241 (base 8) to base 16.
-12aea1
Convert -985cf (base 16) to base 11.
-396975
Convert -1100000111111000101 (base 2) to base 15.
-7ca88
Convert 3100322 (base 7) to base 8.
1322375
32586 (base 13) to base 4
112032120
-3132146 (base 8) to base 14
-179606
-8a6ec (base 16) to base 3
-1001210210202
-81b6c (base 16) to base 15
-a7658
What is 5425404 (base 7) in base 9?
1218316
Convert -22443 (base 15) to base 8.
-324643
What is 1535c3 (base 13) in base 6?
15103125
What is 1000111101111111011 (base 2) in base 14?
79159
Convert 158c20 (base 14) to base 13.
2053c2
What is a45a3 (base 15) in base 6?
15100100
What is -724a6 (base 15) in base 2?
-1011000011011000101
-23616030 (base 7) to base 3
-10221222000010
What is 26 (base 7) in base 11?
19
What is 122775 (base 9) in base 13?
27a58
-1011203 (base 5) to base 11
-11385
-11111111110100100011 (base 2) to base 10
-1047843
Convert 12660669 (base 10) to base 5.
11220120134
Convert -2b838 (base 15) to base 10.
-140228
What is 2402541 (base 6) in base 11?
85a55
What is 101725 (base 11) in base 7?
1246652
What is -421340113 (base 5) in base 10?
-1746283
What is -121043040 (base 5) in base 4?
-2022002103
Convert 7bc70e (base 15) to base 7.
101162462
51442 (base 14) to base 13
6b0a3
What is a587 (base 11) in base 15?
4240
Convert -10011111001101 (base 2) to base 13.
-483a
Convert -100001000111100100110 (base 2) to base 7.
-12136625
146864 (base 10) to base 15
2d7ae
What is -8491dc (base 14) in base 9?
-8380218
Convert -12106 (base 14) to base 6.
-540110
55598 (base 10) to base 2
1101100100101110
Convert -3204230 (base 5) to base 3.
-2201122112
Convert 11110000010 (base 2) to base 6.
12522
-717532 (base 11) to base 6
-40405043
1110000101111110001111 (base 2) to base 14
6c2555
-101011020022202 (base 3) to base 4
-110211303320
Convert -14a33d5 (base 14) to base 5.
-10034331444
What is -763a912 (base 11) in base 15?
-12a2e2d
10021212101020 (base 3) to base 11
a95184
Convert -10010101000100110111101 (base 2) to base 7.
-56343523
What is 7b48 (base 13) in base 12?
a016
What is -412424 (base 7) in base 2?
-10001001110000001
218029 (base 10) to base 4
311032231
Convert -25a2a8 (base 12) to base 3.
-1011110011102
6a5 (base 14) to base 10
1321
101101412 (base 5) to base 16
64007
-b87a9 (base 15) to base 10
-585609
What is 48854 (base 12) in base 14?
279cc
What is -14456 (base 14) in base 15?
-ed52
Convert 132610 (base 9) to base 16.
13b2d
-203000103221 (base 4) to base 3
-122021012111212
Convert 1034312 (base 7) to base 12.
61178
Convert 42d3ec (base 15) to base 9.
5881866
Convert 1342124 (base 6) to base 9.
124687
Convert 1ac54 (base 14) to base 4.
100222322
What is -212020022201 (base 3) in base 13?
-130204
What is -1021020000220 (base 3) in base 5?
-133023440
Convert -20402202 (base 5) to base 9.
-276805
Convert -a8b34 (base 14) to base 13.
-113b0a
-246ca1 (base 15) to base